Last updated on 2023-12-09 00:52:48 CET.
Flavor | Version | Tinstall | Tcheck | Ttotal | Status | Flags |
---|---|---|---|---|---|---|
r-devel-linux-x86_64-debian-clang | 1.0.5 | 12.75 | 131.41 | 144.16 | OK | |
r-devel-linux-x86_64-debian-gcc | 1.0.5 | 9.51 | 95.81 | 105.32 | OK | |
r-devel-linux-x86_64-fedora-clang | 1.0.5 | 169.58 | NOTE | |||
r-devel-linux-x86_64-fedora-gcc | 1.0.5 | 172.88 | OK | |||
r-devel-windows-x86_64 | 1.0.5 | 12.00 | 110.00 | 122.00 | NOTE | |
r-patched-linux-x86_64 | 1.0.5 | 16.17 | 125.60 | 141.77 | OK | |
r-release-linux-x86_64 | 1.0.5 | 8.02 | 121.39 | 129.41 | OK | |
r-release-macos-arm64 | 1.0.5 | 65.00 | NOTE | |||
r-release-macos-x86_64 | 1.0.5 | 113.00 | NOTE | |||
r-release-windows-x86_64 | 1.0.5 | 17.00 | 135.00 | 152.00 | NOTE | |
r-oldrel-macos-arm64 | 1.0.5 | 49.00 | NOTE | |||
r-oldrel-macos-x86_64 | 1.0.5 | 69.00 | NOTE | |||
r-oldrel-windows-x86_64 | 1.0.5 | 16.00 | 140.00 | 156.00 | NOTE |
Version: 1.0.5
Check: installed package size
Result: NOTE
installed size is 11.6Mb
sub-directories of 1Mb or more:
doc 8.8Mb
htmlwidgets 2.6Mb
Flavors: r-devel-linux-x86_64-fedora-clang, r-devel-windows-x86_64, r-release-macos-arm64, r-release-macos-x86_64, r-release-windows-x86_64, r-oldrel-macos-arm64, r-oldrel-macos-x86_64, r-oldrel-windows-x86_64