Last updated on 2023-12-03 00:56:53 CET.
Flavor | Version | Tinstall | Tcheck | Ttotal | Status | Flags |
---|---|---|---|---|---|---|
r-devel-linux-x86_64-debian-clang | 0.5.3 | 36.11 | 137.66 | 173.77 | OK | |
r-devel-linux-x86_64-debian-gcc | 0.5.3 | 22.66 | 90.53 | 113.19 | OK | |
r-devel-linux-x86_64-fedora-clang | 0.5.3 | 203.08 | NOTE | |||
r-devel-linux-x86_64-fedora-gcc | 0.5.3 | 197.97 | OK | |||
r-devel-windows-x86_64 | 0.5.3 | 29.00 | 121.00 | 150.00 | OK | |
r-patched-linux-x86_64 | 0.5.3 | 32.23 | 115.03 | 147.26 | OK | |
r-release-linux-x86_64 | 0.5.3 | 21.37 | 115.09 | 136.46 | OK | |
r-release-macos-arm64 | 0.5.3 | 57.00 | OK | |||
r-release-macos-x86_64 | 0.5.3 | 90.00 | OK | |||
r-release-windows-x86_64 | 0.5.3 | 36.00 | 142.00 | 178.00 | OK | |
r-oldrel-macos-arm64 | 0.5.3 | 51.00 | OK | |||
r-oldrel-macos-x86_64 | 0.5.3 | 73.00 | OK | |||
r-oldrel-windows-x86_64 | 0.5.3 | 35.00 | 144.00 | 179.00 | OK |
Version: 0.5.3
Check: package dependencies
Result: NOTE
Imports includes 21 non-default packages.
Importing from so many packages makes the package vulnerable to any of
them becoming unavailable. Move as many as possible to Suggests and
use conditionally.
Flavor: r-devel-linux-x86_64-fedora-clang