Last updated on 2023-12-10 00:55:55 CET.
Flavor | Version | Tinstall | Tcheck | Ttotal | Status | Flags |
---|---|---|---|---|---|---|
r-devel-linux-x86_64-debian-clang | 0.1.0 | 8.44 | 75.28 | 83.72 | NOTE | |
r-devel-linux-x86_64-debian-gcc | 0.1.0 | 7.11 | 54.50 | 61.61 | NOTE | |
r-devel-linux-x86_64-fedora-clang | 0.1.0 | 101.89 | NOTE | |||
r-devel-linux-x86_64-fedora-gcc | 0.1.0 | 107.94 | NOTE | |||
r-devel-windows-x86_64 | 0.1.0 | 9.00 | 71.00 | 80.00 | NOTE | |
r-patched-linux-x86_64 | 0.1.0 | 8.47 | 70.12 | 78.59 | NOTE | |
r-release-linux-x86_64 | 0.1.0 | 6.22 | 68.57 | 74.79 | NOTE | |
r-release-macos-arm64 | 0.1.0 | 38.00 | NOTE | |||
r-release-macos-x86_64 | 0.1.0 | 65.00 | NOTE | |||
r-release-windows-x86_64 | 0.1.0 | 11.00 | 82.00 | 93.00 | NOTE | |
r-oldrel-macos-arm64 | 0.1.0 | 34.00 | NOTE | |||
r-oldrel-macos-x86_64 | 0.1.0 | 55.00 | NOTE | |||
r-oldrel-windows-x86_64 | 0.1.0 | 12.00 | 86.00 | 98.00 | NOTE |
Version: 0.1.0
Check: LazyData
Result: NOTE
'LazyData' is specified without a 'data' directory
Flavors: r-devel-linux-x86_64-debian-clang, r-devel-linux-x86_64-debian-gcc, r-devel-linux-x86_64-fedora-clang, r-devel-linux-x86_64-fedora-gcc, r-devel-windows-x86_64, r-patched-linux-x86_64, r-release-linux-x86_64, r-release-macos-arm64, r-release-macos-x86_64, r-release-windows-x86_64, r-oldrel-macos-arm64, r-oldrel-macos-x86_64, r-oldrel-windows-x86_64