CRAN Package Check Results for Package profmem

Last updated on 2024-04-20 00:56:19 CEST.

Flavor Version Tinstall Tcheck Ttotal Status Flags
r-devel-linux-x86_64-debian-clang 0.6.0 2.25 29.55 31.80 OK
r-devel-linux-x86_64-debian-gcc 0.6.0 OK
r-devel-linux-x86_64-fedora-clang 0.6.0 41.17 OK
r-devel-linux-x86_64-fedora-gcc 0.6.0 51.51 OK
r-prerel-macos-arm64 0.6.0 23.00 ERROR
r-prerel-windows-x86_64 0.6.0 4.00 47.00 51.00 OK
r-patched-linux-x86_64 0.6.0 2.03 28.09 30.12 OK
r-release-linux-x86_64 0.6.0 2.03 27.04 29.07 OK
r-release-macos-arm64 0.6.0 25.00 OK
r-release-macos-x86_64 0.6.0 35.00 OK
r-release-windows-x86_64 0.6.0 4.00 50.00 54.00 OK
r-oldrel-macos-arm64 0.6.0 24.00 OK
r-oldrel-windows-x86_64 0.6.0 4.00 56.00 60.00 OK

Check Details

Version: 0.6.0
Check: re-building of vignette outputs
Result: ERROR Error(s) in re-building vignettes: ... --- re-building ‘profmem.md.rsp’ using rsp R.utils v2.12.3 (2023-11-18 01:00:02 UTC) successfully loaded. See ?R.utils for help. Attaching package: ‘R.utils’ The following object is masked from ‘package:utils’: timestamp The following objects are masked from ‘package:base’: cat, commandArgs, getOption, isOpen, nullfile, parse, use, warnings Error: processing vignette 'profmem.md.rsp' failed with diagnostics: there is no package called ‘microbenchmark’ --- failed re-building ‘profmem.md.rsp’ SUMMARY: processing the following file failed: ‘profmem.md.rsp’ Error: Vignette re-building failed. Execution halted Flavor: r-prerel-macos-arm64