CRAN Package Check Results for Package projpred

Last updated on 2021-10-25 00:49:21 CEST.

Flavor Version Tinstall Tcheck Ttotal Status Flags
r-devel-linux-x86_64-debian-clang 2.0.2 46.26 326.92 373.18 OK
r-devel-linux-x86_64-debian-gcc 2.0.2 37.71 233.90 271.61 OK
r-devel-linux-x86_64-fedora-clang 2.0.2 457.69 NOTE
r-devel-linux-x86_64-fedora-gcc 2.0.2 442.58 NOTE
r-devel-windows-x86_64 2.0.2 68.00 297.00 365.00 OK
r-devel-windows-x86_64-gcc10-UCRT 2.0.2 NOTE
r-patched-linux-x86_64 2.0.2 41.99 308.52 350.51 OK
r-patched-solaris-x86 2.0.2 563.30 NOTE
r-release-linux-x86_64 2.0.2 45.18 313.51 358.69 OK
r-release-macos-arm64 2.0.2 NOTE
r-release-macos-x86_64 2.0.2 NOTE
r-release-windows-ix86+x86_64 2.0.2 82.00 641.00 723.00 OK
r-oldrel-macos-x86_64 2.0.2 NOTE
r-oldrel-windows-ix86+x86_64 2.0.2 120.00 639.00 759.00 OK

Check Details

Version: 2.0.2
Check: dependencies in R code
Result: NOTE
    Namespaces in Imports field not imported from:
     ‘MASS’ ‘optimx’ ‘tidyverse’
     All declared Imports should be used.
Flavors: r-devel-linux-x86_64-fedora-clang, r-devel-linux-x86_64-fedora-gcc, r-devel-windows-x86_64-gcc10-UCRT, r-patched-solaris-x86, r-release-macos-arm64, r-release-macos-x86_64, r-oldrel-macos-x86_64