CRAN Package Check Results for Package promises

Last updated on 2023-06-10 00:54:53 CEST.

Flavor Version Tinstall Tcheck Ttotal Status Flags
r-devel-linux-x86_64-debian-clang 1.2.0.1 24.44 55.08 79.52 NOTE
r-devel-linux-x86_64-debian-gcc 1.2.0.1 18.48 44.17 62.65 NOTE
r-devel-linux-x86_64-fedora-clang 1.2.0.1 108.39 NOTE
r-devel-linux-x86_64-fedora-gcc 1.2.0.1 114.13 NOTE
r-devel-windows-x86_64 1.2.0.1 24.00 98.00 122.00 NOTE
r-patched-linux-x86_64 1.2.0.1 19.56 55.60 75.16 NOTE
r-release-linux-x86_64 1.2.0.1 18.36 54.09 72.45 NOTE
r-release-macos-arm64 1.2.0.1 60.00 NOTE
r-release-macos-x86_64 1.2.0.1 87.00 NOTE
r-release-windows-x86_64 1.2.0.1 29.00 104.00 133.00 NOTE
r-oldrel-macos-arm64 1.2.0.1 45.00 NOTE
r-oldrel-macos-x86_64 1.2.0.1 56.00 NOTE
r-oldrel-windows-x86_64 1.2.0.1 25.00 108.00 133.00 NOTE

Check Details

Version: 1.2.0.1
Check: LazyData
Result: NOTE
     'LazyData' is specified without a 'data' directory
Flavors: r-devel-linux-x86_64-debian-clang, r-devel-linux-x86_64-debian-gcc, r-devel-linux-x86_64-fedora-clang, r-devel-linux-x86_64-fedora-gcc, r-devel-windows-x86_64, r-patched-linux-x86_64, r-release-linux-x86_64, r-release-macos-arm64, r-release-macos-x86_64, r-release-windows-x86_64, r-oldrel-macos-arm64, r-oldrel-macos-x86_64, r-oldrel-windows-x86_64