CRAN Package Check Results for Package promotionImpact

Last updated on 2024-06-13 00:55:27 CEST.

Flavor Version Tinstall Tcheck Ttotal Status Flags
r-devel-linux-x86_64-debian-clang 0.1.5 10.23 79.35 89.58 OK
r-devel-linux-x86_64-debian-gcc 0.1.5 0.34 1.76 2.10 ERROR
r-devel-linux-x86_64-fedora-clang 0.1.5 113.42 OK
r-devel-linux-x86_64-fedora-gcc 0.1.5 106.14 OK
r-devel-windows-x86_64 0.1.5 10.00 81.00 91.00 OK
r-patched-linux-x86_64 0.1.5 8.72 76.13 84.85 OK
r-release-linux-x86_64 0.1.5 8.42 74.48 82.90 OK
r-release-macos-arm64 0.1.5 37.00 OK
r-release-macos-x86_64 0.1.5 48.00 OK
r-release-windows-x86_64 0.1.5 11.00 80.00 91.00 OK
r-oldrel-macos-arm64 0.1.5 38.00 OK
r-oldrel-macos-x86_64 0.1.5 54.00 OK
r-oldrel-windows-x86_64 0.1.5 13.00 91.00 104.00 OK

Check Details

Version: 0.1.5
Check: package dependencies
Result: ERROR Packages required but not available: 'dplyr', 'ggplot2', 'ggpubr', 'reshape2', 'stringr', 'prophet' See section ‘The DESCRIPTION file’ in the ‘Writing R Extensions’ manual. Flavor: r-devel-linux-x86_64-debian-gcc