CRAN Package Check Results for Package protolite

Last updated on 2021-10-26 01:00:01 CEST.

Flavor Version Tinstall Tcheck Ttotal Status Flags
r-devel-linux-x86_64-debian-clang 2.1.1 67.63 30.57 98.20 OK
r-devel-linux-x86_64-debian-gcc 2.1.1 51.74 23.87 75.61 OK
r-devel-linux-x86_64-fedora-clang 2.1.1 166.89 OK
r-devel-linux-x86_64-fedora-gcc 2.1.1 141.56 OK
r-devel-windows-x86_64 2.1.1 103.00 53.00 156.00 OK
r-devel-windows-x86_64-gcc10-UCRT 2.1.1 WARN
r-patched-linux-x86_64 2.1.1 60.73 30.11 90.84 OK
r-patched-solaris-x86 2.1.1 120.50 OK
r-release-linux-x86_64 2.1.1 62.01 29.75 91.76 OK
r-release-macos-arm64 2.1.1 NOTE
r-release-macos-x86_64 2.1.1 NOTE
r-release-windows-ix86+x86_64 2.1.1 148.00 96.00 244.00 NOTE
r-oldrel-macos-x86_64 2.1.1 NOTE
r-oldrel-windows-ix86+x86_64 2.1.1 163.00 94.00 257.00 NOTE

Additional issues

gcc-UBSAN

Check Details

Version: 2.1.1
Check: whether package can be installed
Result: WARN
    Found the following significant warnings:
     WARNING: failed to apply patch patches/CRAN/protolite.diff
Flavor: r-devel-windows-x86_64-gcc10-UCRT

Version: 2.1.1
Check: installed package size
Result: NOTE
     installed size is 28.3Mb
     sub-directories of 1Mb or more:
     libs 28.2Mb
Flavors: r-release-macos-arm64, r-release-macos-x86_64, r-release-windows-ix86+x86_64, r-oldrel-macos-x86_64, r-oldrel-windows-ix86+x86_64