CRAN Package Check Results for Package psSubpathway

Last updated on 2021-10-16 00:49:25 CEST.

Flavor Version Tinstall Tcheck Ttotal Status Flags
r-devel-linux-x86_64-debian-clang 0.1.1 45.58 379.33 424.91 OK
r-devel-linux-x86_64-debian-gcc 0.1.1 38.07 287.28 325.35 OK
r-devel-linux-x86_64-fedora-clang 0.1.1 533.81 OK
r-devel-linux-x86_64-fedora-gcc 0.1.1 521.55 OK
r-devel-windows-x86_64 0.1.1 56.00 349.00 405.00 OK
r-devel-windows-x86_64-gcc10-UCRT 0.1.1 OK
r-patched-linux-x86_64 0.1.1 42.29 369.04 411.33 OK
r-patched-solaris-x86 0.1.1 813.80 OK
r-release-linux-x86_64 0.1.1 40.95 359.84 400.79 OK
r-release-macos-arm64 0.1.1 NOTE
r-release-macos-x86_64 0.1.1 OK
r-release-windows-ix86+x86_64 0.1.1 104.00 684.00 788.00 OK
r-oldrel-macos-x86_64 0.1.1 OK
r-oldrel-windows-ix86+x86_64 0.1.1 82.00 533.00 615.00 OK

Check Details

Version: 0.1.1
Check: installed package size
Result: NOTE
     installed size is 5.1Mb
     sub-directories of 1Mb or more:
     data 4.6Mb
Flavor: r-release-macos-arm64