CRAN Package Check Results for Package psda

Last updated on 2021-10-24 00:51:07 CEST.

Flavor Version Tinstall Tcheck Ttotal Status Flags
r-devel-linux-x86_64-debian-clang 1.4.0 3.50 40.53 44.03 OK
r-devel-linux-x86_64-debian-gcc 1.4.0 2.98 30.93 33.91 OK
r-devel-linux-x86_64-fedora-clang 1.4.0 64.73 NOTE
r-devel-linux-x86_64-fedora-gcc 1.4.0 52.96 NOTE
r-devel-windows-x86_64 1.4.0 7.00 50.00 57.00 OK
r-devel-windows-x86_64-gcc10-UCRT 1.4.0 NOTE
r-patched-linux-x86_64 1.4.0 3.60 38.03 41.63 OK
r-patched-solaris-x86 1.4.0 69.80 NOTE
r-release-linux-x86_64 1.4.0 3.35 37.72 41.07 OK
r-release-macos-arm64 1.4.0 NOTE
r-release-macos-x86_64 1.4.0 NOTE
r-release-windows-ix86+x86_64 1.4.0 6.00 64.00 70.00 OK
r-oldrel-macos-x86_64 1.4.0 NOTE
r-oldrel-windows-ix86+x86_64 1.4.0 8.00 61.00 69.00 OK

Check Details

Version: 1.4.0
Check: dependencies in R code
Result: NOTE
    Namespace in Imports field not imported from: ‘raster’
     All declared Imports should be used.
Flavors: r-devel-linux-x86_64-fedora-clang, r-devel-linux-x86_64-fedora-gcc, r-devel-windows-x86_64-gcc10-UCRT, r-patched-solaris-x86, r-release-macos-arm64, r-release-macos-x86_64, r-oldrel-macos-x86_64