CRAN Package Check Results for Package pseudohouseholds

Last updated on 2024-04-21 00:57:36 CEST.

Flavor Version Tinstall Tcheck Ttotal Status Flags
r-devel-linux-x86_64-debian-clang 0.1.1 6.38 60.12 66.50 OK
r-devel-linux-x86_64-debian-gcc 0.1.1 4.50 43.90 48.40 OK
r-devel-linux-x86_64-fedora-clang 0.1.1 82.50 NOTE
r-devel-linux-x86_64-fedora-gcc 0.1.1 94.31 NOTE
r-prerel-macos-arm64 0.1.1 36.00 OK
r-prerel-windows-x86_64 0.1.1 6.00 65.00 71.00 OK
r-patched-linux-x86_64 0.1.1 5.20 57.77 62.97 OK
r-release-linux-x86_64 0.1.1 6.39 56.10 62.49 OK
r-release-macos-arm64 0.1.1 35.00 OK
r-release-macos-x86_64 0.1.1 51.00 OK
r-release-windows-x86_64 0.1.1 10.00 70.00 80.00 OK
r-oldrel-macos-arm64 0.1.1 35.00 OK
r-oldrel-windows-x86_64 0.1.1 8.00 77.00 85.00 OK

Check Details

Version: 0.1.1
Check: data for non-ASCII characters
Result: NOTE Note: found 596 marked UTF-8 strings Flavors: r-devel-linux-x86_64-fedora-clang, r-devel-linux-x86_64-fedora-gcc