CRAN Package Check Results for Package psqn

Last updated on 2021-10-22 00:50:36 CEST.

Flavor Version Tinstall Tcheck Ttotal Status Flags
r-devel-linux-x86_64-debian-clang 0.2.1 55.57 91.23 146.80 OK
r-devel-linux-x86_64-debian-gcc 0.2.1 47.34 64.76 112.10 OK
r-devel-linux-x86_64-fedora-clang 0.2.1 224.77 NOTE
r-devel-linux-x86_64-fedora-gcc 0.2.1 201.38 OK
r-devel-windows-x86_64 0.2.1 71.00 104.00 175.00 OK
r-devel-windows-x86_64-gcc10-UCRT 0.2.1 OK
r-patched-linux-x86_64 0.2.1 53.75 84.87 138.62 OK
r-patched-solaris-x86 0.2.1 137.90 OK
r-release-linux-x86_64 0.2.1 44.61 89.70 134.31 OK
r-release-macos-arm64 0.2.1 NOTE
r-release-macos-x86_64 0.2.1 NOTE
r-release-windows-ix86+x86_64 0.2.1 136.00 202.00 338.00 OK
r-oldrel-macos-x86_64 0.2.1 NOTE
r-oldrel-windows-ix86+x86_64 0.2.1 137.00 206.00 343.00 OK

Check Details

Version: 0.2.1
Check: installed package size
Result: NOTE
     installed size is 9.1Mb
     sub-directories of 1Mb or more:
     libs 8.5Mb
Flavors: r-devel-linux-x86_64-fedora-clang, r-release-macos-arm64, r-release-macos-x86_64, r-oldrel-macos-x86_64