Last updated on 2023-05-29 00:59:42 CEST.
Flavor | Version | Tinstall | Tcheck | Ttotal | Status | Flags |
---|---|---|---|---|---|---|
r-devel-linux-x86_64-debian-clang | 0.10 | 939.09 | 228.13 | 1167.22 | NOTE | |
r-devel-linux-x86_64-debian-gcc | 0.10 | 727.07 | 166.60 | 893.67 | NOTE | |
r-devel-linux-x86_64-fedora-clang | 0.10 | 1872.64 | NOTE | |||
r-devel-linux-x86_64-fedora-gcc | 0.10 | 1814.77 | NOTE | |||
r-devel-windows-x86_64 | 0.10 | 694.00 | 199.00 | 893.00 | NOTE | |
r-patched-linux-x86_64 | 0.10 | 763.59 | 214.49 | 978.08 | NOTE | |
r-release-linux-x86_64 | 0.10 | 769.01 | 211.90 | 980.91 | NOTE | |
r-release-macos-arm64 | 0.10 | 391.00 | NOTE | |||
r-release-macos-x86_64 | 0.10 | 669.00 | NOTE | |||
r-release-windows-x86_64 | 0.10 | 805.00 | 259.00 | 1064.00 | NOTE | |
r-oldrel-macos-arm64 | 0.10 | 335.00 | NOTE | |||
r-oldrel-macos-x86_64 | 0.10 | 498.00 | NOTE | |||
r-oldrel-windows-x86_64 | 0.10 | 768.00 | 237.00 | 1005.00 | OK |
Version: 0.10
Check: C++ specification
Result: NOTE
Specified C++11: please drop specification unless essential
Flavors: r-devel-linux-x86_64-debian-clang, r-devel-linux-x86_64-debian-gcc, r-devel-linux-x86_64-fedora-clang, r-devel-linux-x86_64-fedora-gcc, r-devel-windows-x86_64, r-patched-linux-x86_64, r-release-linux-x86_64, r-release-macos-arm64, r-release-macos-x86_64, r-release-windows-x86_64
Version: 0.10
Check: Rd files
Result: NOTE
checkRd: (-1) esa.Rd:15: Escaped LaTeX specials: \&
checkRd: (-1) meta_varcov.Rd:9: Escaped LaTeX specials: \&
checkRd: (-1) meta_varcov.Rd:120: Escaped LaTeX specials: \&
Flavors: r-devel-linux-x86_64-debian-clang, r-devel-linux-x86_64-debian-gcc, r-devel-linux-x86_64-fedora-clang, r-devel-linux-x86_64-fedora-gcc, r-devel-windows-x86_64, r-patched-linux-x86_64, r-release-linux-x86_64, r-release-macos-arm64, r-release-macos-x86_64, r-release-windows-x86_64
Version: 0.10
Check: installed package size
Result: NOTE
installed size is 29.7Mb
sub-directories of 1Mb or more:
libs 28.6Mb
Flavors: r-release-macos-arm64, r-release-macos-x86_64, r-oldrel-macos-arm64, r-oldrel-macos-x86_64