Last updated on 2023-05-30 00:59:53 CEST.
Flavor | Version | Tinstall | Tcheck | Ttotal | Status | Flags |
---|---|---|---|---|---|---|
r-devel-linux-x86_64-debian-clang | 0.2.6 | 23.73 | 214.24 | 237.97 | OK | |
r-devel-linux-x86_64-debian-gcc | 0.2.6 | 18.93 | 159.48 | 178.41 | OK | |
r-devel-linux-x86_64-fedora-clang | 0.2.6 | 296.58 | OK | |||
r-devel-linux-x86_64-fedora-gcc | 0.2.6 | 275.34 | OK | |||
r-devel-windows-x86_64 | 0.2.6 | 24.00 | 209.00 | 233.00 | OK | |
r-patched-linux-x86_64 | 0.2.6 | 26.12 | 198.18 | 224.30 | OK | |
r-release-linux-x86_64 | 0.2.6 | 19.90 | 205.76 | 225.66 | OK | |
r-release-macos-arm64 | 0.2.6 | 127.00 | OK | |||
r-release-macos-x86_64 | 0.2.6 | 194.00 | OK | |||
r-release-windows-x86_64 | 0.2.6 | 28.00 | 267.00 | 295.00 | OK | |
r-oldrel-macos-arm64 | 0.2.6 | 188.00 | OK | |||
r-oldrel-macos-x86_64 | 0.2.6 | 15.00 | ERROR | |||
r-oldrel-windows-x86_64 | 0.2.6 | 30.00 | 246.00 | 276.00 | OK |
Version: 0.2.6
Check: package dependencies
Result: ERROR
Package required but not available: ‘muscle’
See section ‘The DESCRIPTION file’ in the ‘Writing R Extensions’
manual.
Flavor: r-oldrel-macos-x86_64