CRAN Package Check Results for Package pubh

Last updated on 2021-10-23 00:49:04 CEST.

Flavor Version Tinstall Tcheck Ttotal Status Flags
r-devel-linux-x86_64-debian-clang 1.2.5 10.55 295.77 306.32 OK
r-devel-linux-x86_64-debian-gcc 1.2.5 8.90 209.15 218.05 OK
r-devel-linux-x86_64-fedora-clang 1.2.5 372.06 NOTE
r-devel-linux-x86_64-fedora-gcc 1.2.5 358.16 NOTE
r-devel-windows-x86_64 1.2.5 23.00 359.00 382.00 OK
r-devel-windows-x86_64-gcc10-UCRT 1.2.5 NOTE
r-patched-linux-x86_64 1.2.5 16.42 273.80 290.22 OK
r-patched-solaris-x86 1.2.5 307.60 NOTE
r-release-linux-x86_64 1.2.5 10.41 278.51 288.92 OK
r-release-macos-arm64 1.1.20 NOTE
r-release-macos-x86_64 1.2.5 NOTE
r-release-windows-ix86+x86_64 1.2.5 22.00 309.00 331.00 OK
r-oldrel-macos-x86_64 1.2.5 NOTE
r-oldrel-windows-ix86+x86_64 1.2.5 25.00 262.00 287.00 OK

Check Details

Version: 1.2.5
Check: dependencies in R code
Result: NOTE
    Namespaces in Imports field not imported from:
     ‘Hmisc’ ‘sjPlot’
     All declared Imports should be used.
Flavors: r-devel-linux-x86_64-fedora-clang, r-devel-linux-x86_64-fedora-gcc, r-devel-windows-x86_64-gcc10-UCRT, r-patched-solaris-x86, r-release-macos-x86_64, r-oldrel-macos-x86_64

Version: 1.1.20
Check: dependencies in R code
Result: NOTE
    Namespace in Imports field not imported from: ‘Hmisc’
     All declared Imports should be used.
Flavor: r-release-macos-arm64