CRAN Package Check Results for Package pubtatordb

Last updated on 2023-10-03 01:05:00 CEST.

Flavor Version Tinstall Tcheck Ttotal Status Flags
r-devel-linux-x86_64-debian-clang 0.1.4 2.16 29.28 31.44 NOTE
r-devel-linux-x86_64-debian-gcc 0.1.4 2.09 22.70 24.79 NOTE
r-devel-linux-x86_64-fedora-clang 0.1.4 41.04 NOTE
r-devel-linux-x86_64-fedora-gcc 0.1.4 49.85 NOTE
r-devel-windows-x86_64 0.1.4 4.00 46.00 50.00 NOTE
r-patched-linux-x86_64 0.1.4 2.64 28.93 31.57 NOTE
r-release-linux-x86_64 0.1.4 1.71 29.69 31.40 NOTE
r-release-macos-arm64 0.1.4 26.00 NOTE
r-release-macos-x86_64 0.1.4 30.00 NOTE
r-release-windows-x86_64 0.1.4 5.00 48.00 53.00 NOTE
r-oldrel-macos-arm64 0.1.4 19.00 NOTE
r-oldrel-macos-x86_64 0.1.4 31.00 NOTE
r-oldrel-windows-x86_64 0.1.4 5.00 50.00 55.00 NOTE

Additional issues

donttest

Check Details

Version: 0.1.4
Check: LazyData
Result: NOTE
     'LazyData' is specified without a 'data' directory
Flavors: r-devel-linux-x86_64-debian-clang, r-devel-linux-x86_64-debian-gcc, r-devel-linux-x86_64-fedora-clang, r-devel-linux-x86_64-fedora-gcc, r-devel-windows-x86_64, r-patched-linux-x86_64, r-release-linux-x86_64, r-release-macos-arm64, r-release-macos-x86_64, r-release-windows-x86_64, r-oldrel-macos-arm64, r-oldrel-macos-x86_64, r-oldrel-windows-x86_64