CRAN Package Check Results for Package purrr

Last updated on 2021-09-23 00:48:57 CEST.

Flavor Version Tinstall Tcheck Ttotal Status Flags
r-devel-linux-x86_64-debian-clang 0.3.4 7.50 52.81 60.31 NOTE
r-devel-linux-x86_64-debian-gcc 0.3.4 5.54 39.08 44.62 NOTE
r-devel-linux-x86_64-fedora-clang 0.3.4 80.90 NOTE
r-devel-linux-x86_64-fedora-gcc 0.3.4 70.04 NOTE
r-devel-windows-x86_64 0.3.4 11.00 59.00 70.00 NOTE
r-devel-windows-x86_64-gcc10-UCRT 0.3.4 ERROR
r-patched-linux-x86_64 0.3.4 7.42 48.99 56.41 NOTE
r-patched-solaris-x86 0.3.4 94.60 NOTE
r-release-linux-x86_64 0.3.4 6.38 49.20 55.58 NOTE
r-release-macos-arm64 0.3.4 NOTE
r-release-macos-x86_64 0.3.4 WARN
r-release-windows-ix86+x86_64 0.3.4 20.00 74.00 94.00 NOTE
r-oldrel-macos-x86_64 0.3.4 OK
r-oldrel-windows-ix86+x86_64 0.3.4 18.00 74.00 92.00 OK

Check Details

Version: 0.3.4
Check: LazyData
Result: NOTE
     'LazyData' is specified without a 'data' directory
Flavors: r-devel-linux-x86_64-debian-clang, r-devel-linux-x86_64-debian-gcc, r-devel-linux-x86_64-fedora-clang, r-devel-linux-x86_64-fedora-gcc, r-devel-windows-x86_64, r-patched-linux-x86_64, r-patched-solaris-x86, r-release-linux-x86_64, r-release-macos-arm64, r-release-macos-x86_64, r-release-windows-ix86+x86_64

Version: 0.3.4
Check: Rd cross-references
Result: NOTE
    Undeclared packages ‘vctrs’, ‘httr’ in Rd xrefs
Flavor: r-devel-linux-x86_64-fedora-clang

Version: 0.3.4
Check: whether package can be installed
Result: ERROR
    Installation failed.
Flavor: r-devel-windows-x86_64-gcc10-UCRT

Version: 0.3.4
Check: re-building of vignette outputs
Result: WARN
    Error(s) in re-building vignettes:
     ...
    --- re-building ‘other-langs.Rmd’ using rmarkdown
    Warning in engine$weave(file, quiet = quiet, encoding = enc) :
     Pandoc (>= 1.12.3) not available. Falling back to R Markdown v1.
    Error: processing vignette 'other-langs.Rmd' failed with diagnostics:
    there is no package called 'stringi'
    --- failed re-building ‘other-langs.Rmd’
    
    SUMMARY: processing the following file failed:
     ‘other-langs.Rmd’
    
    Error: Vignette re-building failed.
    Execution halted
Flavor: r-release-macos-x86_64