CRAN Package Check Results for Package pwr2ppl

Last updated on 2024-06-14 00:53:54 CEST.

Flavor Version Tinstall Tcheck Ttotal Status Flags
r-devel-linux-x86_64-debian-clang 0.5.0 16.85 134.12 150.97 OK
r-devel-linux-x86_64-debian-gcc 0.5.0 0.41 1.78 2.19 ERROR
r-devel-linux-x86_64-fedora-clang 0.5.0 186.13 OK
r-devel-linux-x86_64-fedora-gcc 0.5.0 173.91 OK
r-devel-windows-x86_64 0.5.0 16.00 112.00 128.00 OK
r-patched-linux-x86_64 0.5.0 19.06 127.88 146.94 OK
r-release-linux-x86_64 0.5.0 15.50 131.01 146.51 OK
r-release-macos-arm64 0.5.0 46.00 OK
r-release-macos-x86_64 0.5.0 72.00 OK
r-release-windows-x86_64 0.5.0 17.00 116.00 133.00 OK
r-oldrel-macos-arm64 0.5.0 50.00 OK
r-oldrel-macos-x86_64 0.5.0 67.00 OK
r-oldrel-windows-x86_64 0.5.0 20.00 145.00 165.00 OK

Check Details

Version: 0.5.0
Check: package dependencies
Result: ERROR Packages required but not available: 'car', 'dplyr', 'tidyr', 'ez', 'phia', 'afex', 'MBESS', 'broom' See section ‘The DESCRIPTION file’ in the ‘Writing R Extensions’ manual. Flavor: r-devel-linux-x86_64-debian-gcc