Last updated on 2023-05-28 00:56:25 CEST.
Flavor | Version | Tinstall | Tcheck | Ttotal | Status | Flags |
---|---|---|---|---|---|---|
r-devel-linux-x86_64-debian-clang | 0.1-2 | 3.00 | 26.38 | 29.38 | NOTE | |
r-devel-linux-x86_64-debian-gcc | 0.1-2 | 2.10 | 20.60 | 22.70 | NOTE | |
r-devel-linux-x86_64-fedora-clang | 0.1-2 | 37.07 | NOTE | |||
r-devel-linux-x86_64-fedora-gcc | 0.1-2 | 35.22 | NOTE | |||
r-devel-windows-x86_64 | 0.1-2 | 3.00 | 41.00 | 44.00 | NOTE | |
r-patched-linux-x86_64 | 0.1-2 | 3.42 | 26.21 | 29.63 | NOTE | |
r-release-linux-x86_64 | 0.1-2 | 2.78 | 25.38 | 28.16 | NOTE | |
r-release-macos-arm64 | 0.1-2 | 18.00 | NOTE | |||
r-release-macos-x86_64 | 0.1-2 | 23.00 | NOTE | |||
r-release-windows-x86_64 | 0.1-2 | 3.00 | 45.00 | 48.00 | NOTE | |
r-oldrel-macos-arm64 | 0.1-2 | 20.00 | OK | |||
r-oldrel-macos-x86_64 | 0.1-2 | 22.00 | OK | |||
r-oldrel-windows-x86_64 | 0.1-2 | 4.00 | 45.00 | 49.00 | OK |
Version: 0.1-2
Check: Rd files
Result: NOTE
checkRd: (-1) aid_st2.Rd:6: Escaped LaTeX specials: \&
Flavors: r-devel-linux-x86_64-debian-clang, r-devel-linux-x86_64-debian-gcc, r-devel-linux-x86_64-fedora-clang, r-devel-linux-x86_64-fedora-gcc, r-devel-windows-x86_64, r-patched-linux-x86_64, r-release-linux-x86_64, r-release-macos-arm64, r-release-macos-x86_64, r-release-windows-x86_64