CRAN Package Check Results for Package pyMTurkR

Last updated on 2025-04-30 00:49:56 CEST.

Flavor Version Tinstall Tcheck Ttotal Status Flags
r-devel-linux-x86_64-debian-clang 1.1.6 12.87 67.63 80.50 NOTE
r-devel-linux-x86_64-debian-gcc 1.1.6 7.22 45.86 53.08 NOTE
r-devel-linux-x86_64-fedora-clang 1.1.6 126.57 OK
r-devel-linux-x86_64-fedora-gcc 1.1.6 118.12 OK
r-devel-windows-x86_64 1.1.6 12.00 90.00 102.00 OK
r-patched-linux-x86_64 1.1.6 13.94 62.58 76.52 OK
r-release-linux-x86_64 1.1.6 11.04 64.34 75.38 OK
r-release-macos-arm64 1.1.6 39.00 OK
r-release-macos-x86_64 1.1.6 78.00 OK
r-release-windows-x86_64 1.1.6 13.00 86.00 99.00 OK
r-oldrel-macos-arm64 1.1.6 32.00 OK
r-oldrel-macos-x86_64 1.1.6 54.00 OK
r-oldrel-windows-x86_64 1.1.6 16.00 101.00 117.00 OK

Check Details

Version: 1.1.6
Check: DESCRIPTION meta-information
Result: NOTE Author field differs from that derived from Authors@R Author: ‘Tyler Burleigh [aut] (https://twitter.com/tylerburleigh), Thomas J. Leeper [aut] (<https://orcid.org/0000-0003-4097-6326>), Solomon Messing [ctb], Sean Murphy [ctb], Jonathan Chang [ctb], Andrew Brown [ctb], Vineet Bansal [cre]’ Authors@R: ‘Tyler Burleigh [aut] (twitter: https://twitter.com/tylerburleigh), Thomas J. Leeper [aut] (ORCID: <https://orcid.org/0000-0003-4097-6326>), Solomon Messing [ctb], Sean Murphy [ctb], Jonathan Chang [ctb], Andrew Brown [ctb], Vineet Bansal [cre]’ Flavors: r-devel-linux-x86_64-debian-clang, r-devel-linux-x86_64-debian-gcc