CRAN Package Check Results for Package pyinit

Last updated on 2021-10-17 00:48:47 CEST.

Flavor Version Tinstall Tcheck Ttotal Status Flags
r-devel-linux-x86_64-debian-clang 1.1.1 3.77 26.01 29.78 WARN
r-devel-linux-x86_64-debian-gcc 1.1.1 3.14 21.09 24.23 WARN
r-devel-linux-x86_64-fedora-clang 1.1.1 48.95 WARN
r-devel-linux-x86_64-fedora-gcc 1.1.1 4.62 ERROR
r-devel-windows-x86_64 1.1.1 8.00 36.00 44.00 OK
r-devel-windows-x86_64-gcc10-UCRT 1.1.1 WARN
r-patched-linux-x86_64 1.1.1 3.89 26.32 30.21 OK
r-patched-solaris-x86 1.1.1 60.60 OK
r-release-linux-x86_64 1.1.1 3.58 26.00 29.58 OK
r-release-macos-arm64 1.1.1 OK
r-release-macos-x86_64 1.1.1 OK
r-release-windows-ix86+x86_64 1.1.1 12.00 54.00 66.00 OK
r-oldrel-macos-x86_64 1.1.1 OK
r-oldrel-windows-ix86+x86_64 1.1.1 16.00 53.00 69.00 OK

Additional issues

M1mac M1mac

Check Details

Version: 1.1.1
Check: whether package can be installed
Result: WARN
    Found the following significant warnings:
     fastPY.c:273:9: warning: implicit declaration of function 'Rf_error' is invalid in C99 [-Wimplicit-function-declaration]
Flavors: r-devel-linux-x86_64-debian-clang, r-devel-linux-x86_64-fedora-clang

Version: 1.1.1
Check: whether package can be installed
Result: WARN
    Found the following significant warnings:
     fastPY.c:273:9: warning: implicit declaration of function ‘Rf_error’ [-Wimplicit-function-declaration]
Flavors: r-devel-linux-x86_64-debian-gcc, r-devel-windows-x86_64-gcc10-UCRT

Version: 1.1.1
Check: whether package can be installed
Result: ERROR
    Installation failed.
Flavor: r-devel-linux-x86_64-fedora-gcc