CRAN Package Check Results for Package pzfx

Last updated on 2023-10-04 00:58:34 CEST.

Flavor Version Tinstall Tcheck Ttotal Status Flags
r-devel-linux-x86_64-debian-clang 0.3.0 2.76 28.98 31.74 NOTE
r-devel-linux-x86_64-debian-gcc 0.3.0 1.79 22.15 23.94 NOTE
r-devel-linux-x86_64-fedora-clang 0.3.0 40.40 NOTE
r-devel-linux-x86_64-fedora-gcc 0.3.0 50.26 NOTE
r-devel-windows-x86_64 0.3.0 4.00 44.00 48.00 NOTE
r-patched-linux-x86_64 0.3.0 1.97 28.24 30.21 NOTE
r-release-linux-x86_64 0.3.0 2.34 27.76 30.10 NOTE
r-release-macos-arm64 0.3.0 37.00 NOTE
r-release-macos-x86_64 0.3.0 33.00 NOTE
r-release-windows-x86_64 0.3.0 6.00 44.00 50.00 NOTE
r-oldrel-macos-arm64 0.3.0 25.00 NOTE
r-oldrel-macos-x86_64 0.3.0 23.00 NOTE
r-oldrel-windows-x86_64 0.3.0 5.00 47.00 52.00 NOTE

Check Details

Version: 0.3.0
Check: LazyData
Result: NOTE
     'LazyData' is specified without a 'data' directory
Flavors: r-devel-linux-x86_64-debian-clang, r-devel-linux-x86_64-debian-gcc, r-devel-linux-x86_64-fedora-clang, r-devel-linux-x86_64-fedora-gcc, r-devel-windows-x86_64, r-patched-linux-x86_64, r-release-linux-x86_64, r-release-macos-arm64, r-release-macos-x86_64, r-release-windows-x86_64, r-oldrel-macos-arm64, r-oldrel-macos-x86_64, r-oldrel-windows-x86_64