Last updated on 2023-12-11 00:49:16 CET.
Flavor | Version | Tinstall | Tcheck | Ttotal | Status | Flags |
---|---|---|---|---|---|---|
r-devel-linux-x86_64-debian-clang | 1.0.7 | 4.20 | 26.38 | 30.58 | OK | |
r-devel-linux-x86_64-debian-gcc | 1.0.7 | 3.24 | 20.77 | 24.01 | OK | |
r-devel-linux-x86_64-fedora-clang | 1.0.7 | 38.56 | NOTE | |||
r-devel-linux-x86_64-fedora-gcc | 1.0.7 | 36.18 | OK | |||
r-devel-windows-x86_64 | 1.0.7 | 5.00 | 48.00 | 53.00 | OK | |
r-patched-linux-x86_64 | 1.0.7 | 4.24 | 25.32 | 29.56 | OK | |
r-release-linux-x86_64 | 1.0.7 | 3.50 | 24.95 | 28.45 | OK | |
r-release-macos-arm64 | 1.0.7 | 18.00 | OK | |||
r-release-macos-x86_64 | 1.0.7 | 22.00 | OK | |||
r-release-windows-x86_64 | 1.0.7 | 6.00 | 46.00 | 52.00 | OK | |
r-oldrel-macos-arm64 | 1.0.7 | 20.00 | OK | |||
r-oldrel-macos-x86_64 | 1.0.7 | 25.00 | OK | |||
r-oldrel-windows-x86_64 | 1.0.7 | 12.00 | 54.00 | 66.00 | OK |
Version: 1.0.7
Check: Rd cross-references
Result: NOTE
Undeclared package ‘qdap’ in Rd xrefs
Flavor: r-devel-linux-x86_64-fedora-clang