CRAN Package Check Results for Package qdapTools

Last updated on 2021-10-17 00:48:47 CEST.

Flavor Version Tinstall Tcheck Ttotal Status Flags
r-devel-linux-x86_64-debian-clang 1.3.5 4.23 47.09 51.32 NOTE
r-devel-linux-x86_64-debian-gcc 1.3.5 3.40 35.99 39.39 NOTE
r-devel-linux-x86_64-fedora-clang 1.3.5 70.69 NOTE
r-devel-linux-x86_64-fedora-gcc 1.3.5 59.28 NOTE
r-devel-windows-x86_64 1.3.5 7.00 49.00 56.00 NOTE
r-devel-windows-x86_64-gcc10-UCRT 1.3.5 NOTE
r-patched-linux-x86_64 1.3.5 4.87 47.32 52.19 NOTE
r-patched-solaris-x86 1.3.5 91.70 NOTE
r-release-linux-x86_64 1.3.5 3.93 44.32 48.25 NOTE
r-release-macos-arm64 1.3.5 NOTE
r-release-macos-x86_64 1.3.5 NOTE
r-release-windows-ix86+x86_64 1.3.5 8.00 62.00 70.00 NOTE
r-oldrel-macos-x86_64 1.3.5 OK
r-oldrel-windows-ix86+x86_64 1.3.5 9.00 52.00 61.00 OK

Check Details

Version: 1.3.5
Check: LazyData
Result: NOTE
     'LazyData' is specified without a 'data' directory
Flavors: r-devel-linux-x86_64-debian-clang, r-devel-linux-x86_64-debian-gcc, r-devel-linux-x86_64-fedora-clang, r-devel-linux-x86_64-fedora-gcc, r-devel-windows-x86_64, r-devel-windows-x86_64-gcc10-UCRT, r-patched-linux-x86_64, r-patched-solaris-x86, r-release-linux-x86_64, r-release-macos-arm64, r-release-macos-x86_64, r-release-windows-ix86+x86_64