CRAN Package Check Results for Package qgam

Last updated on 2021-10-17 00:48:47 CEST.

Flavor Version Tinstall Tcheck Ttotal Status Flags
r-devel-linux-x86_64-debian-clang 1.3.3 13.83 324.91 338.74 OK
r-devel-linux-x86_64-debian-gcc 1.3.3 11.90 245.11 257.01 OK
r-devel-linux-x86_64-fedora-clang 1.3.3 405.61 OK
r-devel-linux-x86_64-fedora-gcc 1.3.3 397.22 OK
r-devel-windows-x86_64 1.3.3 19.00 299.00 318.00 OK
r-devel-windows-x86_64-gcc10-UCRT 1.3.3 OK
r-patched-linux-x86_64 1.3.3 15.89 313.97 329.86 OK
r-patched-solaris-x86 1.3.3 640.20 NOTE
r-release-linux-x86_64 1.3.3 12.71 310.72 323.43 OK
r-release-macos-arm64 1.3.3 OK
r-release-macos-x86_64 1.3.3 OK
r-release-windows-ix86+x86_64 1.3.3 25.00 563.00 588.00 OK
r-oldrel-macos-x86_64 1.3.3 OK
r-oldrel-windows-ix86+x86_64 1.3.3 33.00 548.00 581.00 OK

Check Details

Version: 1.3.3
Check: installed package size
Result: NOTE
     installed size is 5.1Mb
     sub-directories of 1Mb or more:
     doc 4.2Mb
Flavor: r-patched-solaris-x86