Last updated on 2025-04-30 00:49:56 CEST.
Flavor | Version | Tinstall | Tcheck | Ttotal | Status | Flags |
---|---|---|---|---|---|---|
r-devel-linux-x86_64-debian-clang | 0.5.10 | 7.16 | 77.68 | 84.84 | NOTE | |
r-devel-linux-x86_64-debian-gcc | 0.5.10 | 4.52 | 54.34 | 58.86 | OK | |
r-devel-linux-x86_64-fedora-clang | 0.5.10 | 118.48 | OK | |||
r-devel-linux-x86_64-fedora-gcc | 0.5.10 | 126.85 | OK | |||
r-devel-windows-x86_64 | 0.5.10 | 8.00 | 89.00 | 97.00 | OK | |
r-patched-linux-x86_64 | 0.5.10 | 6.41 | 72.59 | 79.00 | OK | |
r-release-linux-x86_64 | 0.5.10 | 6.75 | 72.39 | 79.14 | OK | |
r-release-macos-arm64 | 0.5.10 | 39.00 | OK | |||
r-release-macos-x86_64 | 0.5.10 | 92.00 | OK | |||
r-release-windows-x86_64 | 0.5.10 | 8.00 | 82.00 | 90.00 | OK | |
r-oldrel-macos-arm64 | 0.5.10 | 55.00 | OK | |||
r-oldrel-macos-x86_64 | 0.5.10 | 84.00 | OK | |||
r-oldrel-windows-x86_64 | 0.5.10 | 11.00 | 97.00 | 108.00 | OK |
Version: 0.5.10
Check: examples
Result: NOTE
Examples with CPU (user + system) or elapsed time > 5s
user system elapsed
tcc 4.048 0.055 6.417
Flavor: r-devel-linux-x86_64-debian-clang