Last updated on 2023-03-26 00:51:52 CET.
Flavor | Version | Tinstall | Tcheck | Ttotal | Status | Flags |
---|---|---|---|---|---|---|
r-devel-linux-x86_64-debian-clang | 2.2 | 13.74 | 105.18 | 118.92 | OK | |
r-devel-linux-x86_64-debian-gcc | 2.2 | 9.97 | 80.25 | 90.22 | OK | |
r-devel-linux-x86_64-fedora-clang | 2.2 | 155.97 | NOTE | |||
r-devel-linux-x86_64-fedora-gcc | 2.2 | 146.25 | OK | |||
r-patched-linux-x86_64 | 2.2 | 16.86 | 117.73 | 134.59 | OK | |
r-release-linux-x86_64 | 2.2 | 16.33 | 115.48 | 131.81 | OK | |
r-release-macos-arm64 | 2.2 | 81.00 | OK | |||
r-release-macos-x86_64 | 2.2 | 127.00 | OK | |||
r-release-windows-x86_64 | 2.2 | 17.00 | 137.00 | 154.00 | OK | |
r-oldrel-macos-arm64 | 2.2 | 69.00 | OK | |||
r-oldrel-macos-x86_64 | 2.2 | 78.00 | OK | |||
r-oldrel-windows-ix86+x86_64 | 2.2 | 25.00 | 123.00 | 148.00 | OK |
Version: 2.2
Check: Rd cross-references
Result: NOTE
Undeclared package ‘qrNLMM’ in Rd xrefs
Flavor: r-devel-linux-x86_64-fedora-clang