CRAN Package Check Results for Package qrmdata

Last updated on 2021-10-25 00:49:22 CEST.

Flavor Version Tinstall Tcheck Ttotal Status Flags
r-devel-linux-x86_64-debian-clang 2019-12-03-1 3.21 42.88 46.09 OK
r-devel-linux-x86_64-debian-gcc 2019-12-03-1 2.43 34.56 36.99 OK
r-devel-linux-x86_64-fedora-clang 2019-12-03-1 66.30 NOTE
r-devel-linux-x86_64-fedora-gcc 2019-12-03-1 55.83 OK
r-devel-windows-x86_64 2019-12-03-1 5.00 50.00 55.00 NOTE
r-devel-windows-x86_64-gcc10-UCRT 2019-12-03-1 OK
r-patched-linux-x86_64 2019-12-03-1 6.46 42.04 48.50 OK
r-patched-solaris-x86 2019-12-03-1 94.10 NOTE
r-release-linux-x86_64 2019-12-03-1 3.32 42.30 45.62 OK
r-release-macos-arm64 2019-12-03-1 NOTE
r-release-macos-x86_64 2019-12-03-1 NOTE
r-release-windows-ix86+x86_64 2019-12-03-1 5.00 66.00 71.00 NOTE
r-oldrel-macos-x86_64 2019-12-03-1 NOTE
r-oldrel-windows-ix86+x86_64 2019-12-03-1 8.00 67.00 75.00 NOTE

Check Details

Version: 2019-12-03-1
Check: installed package size
Result: NOTE
     installed size is 11.0Mb
     sub-directories of 1Mb or more:
     data 10.8Mb
Flavors: r-devel-linux-x86_64-fedora-clang, r-devel-windows-x86_64, r-patched-solaris-x86, r-release-macos-arm64, r-release-macos-x86_64, r-release-windows-ix86+x86_64, r-oldrel-macos-x86_64, r-oldrel-windows-ix86+x86_64