CRAN Package Check Results for Package qrmtools

Last updated on 2024-07-20 00:57:00 CEST.

Flavor Version Tinstall Tcheck Ttotal Status Flags
r-devel-linux-x86_64-debian-clang 0.0-17 14.51 229.27 243.78 OK
r-devel-linux-x86_64-debian-gcc 0.0-17 11.94 176.57 188.51 OK
r-devel-linux-x86_64-fedora-clang 0.0-17 320.07 OK
r-devel-linux-x86_64-fedora-gcc 0.0-17 323.24 OK
r-devel-windows-x86_64 0.0-17 16.00 194.00 210.00 NOTE
r-patched-linux-x86_64 0.0-17 18.15 225.06 243.21 OK
r-release-linux-x86_64 0.0-17 14.94 229.19 244.13 OK
r-release-macos-arm64 0.0-17 87.00 OK
r-release-macos-x86_64 0.0-17 138.00 OK
r-release-windows-x86_64 0.0-17 16.00 197.00 213.00 OK
r-oldrel-macos-arm64 0.0-17 94.00 OK
r-oldrel-macos-x86_64 0.0-17 264.00 OK
r-oldrel-windows-x86_64 0.0-17 21.00 244.00 265.00 OK

Check Details

Version: 0.0-17
Check: Rd cross-references
Result: NOTE Found the following Rd file(s) with Rd \link{} targets missing package anchors: fit_ARMA_GARCH.Rd: ugarchfit get_data.Rd: getSymbols, Quandl, Ad, Cl, Op, Hi, Lo, Vo, OpCl, ClCl, HiCl, LoCl, LoHi, OpHi, OpLo, OpOp matrix_plot.Rd: levelplot returns.Rd: xts tests.Rd: ad.test Please provide package anchors for all Rd \link{} targets not in the package itself and the base packages. Flavor: r-devel-windows-x86_64