CRAN Package Check Results for Package qtl2

Last updated on 2023-06-09 00:54:31 CEST.

Flavor Version Tinstall Tcheck Ttotal Status Flags
r-devel-linux-x86_64-debian-clang 0.32 871.18 248.87 1120.05 OK
r-devel-linux-x86_64-debian-gcc 0.32 689.52 191.11 880.63 OK
r-devel-linux-x86_64-fedora-clang 0.32 1730.88 NOTE
r-devel-linux-x86_64-fedora-gcc 0.32 1716.78 OK
r-devel-windows-x86_64 0.32 664.00 250.00 914.00 NOTE
r-patched-linux-x86_64 0.32 737.97 243.64 981.61 OK
r-release-linux-x86_64 0.32 722.53 242.66 965.19 OK
r-release-macos-arm64 0.32 344.00 NOTE
r-release-macos-x86_64 0.30 531.00 NOTE
r-release-windows-x86_64 0.32 846.00 311.00 1157.00 NOTE
r-oldrel-macos-arm64 0.32 331.00 NOTE
r-oldrel-macos-x86_64 0.32 409.00 NOTE
r-oldrel-windows-x86_64 0.32 780.00 272.00 1052.00 NOTE

Check Details

Version: 0.32
Check: installed package size
Result: NOTE
     installed size is 6.4Mb
     sub-directories of 1Mb or more:
     extdata 3.3Mb
     libs 1.7Mb
Flavors: r-devel-linux-x86_64-fedora-clang, r-devel-windows-x86_64, r-release-macos-arm64, r-release-windows-x86_64, r-oldrel-macos-arm64, r-oldrel-macos-x86_64, r-oldrel-windows-x86_64

Version: 0.30
Check: installed package size
Result: NOTE
     installed size is 37.4Mb
     sub-directories of 1Mb or more:
     extdata 3.3Mb
     libs 32.8Mb
Flavor: r-release-macos-x86_64