CRAN Package Check Results for Package quantkriging

Last updated on 2021-10-20 00:49:50 CEST.

Flavor Version Tinstall Tcheck Ttotal Status Flags
r-devel-linux-x86_64-debian-clang 0.1.0 3.25 61.92 65.17 NOTE
r-devel-linux-x86_64-debian-gcc 0.1.0 2.21 45.39 47.60 NOTE
r-devel-linux-x86_64-fedora-clang 0.1.0 87.09 NOTE
r-devel-linux-x86_64-fedora-gcc 0.1.0 79.03 NOTE
r-devel-windows-x86_64 0.1.0 6.00 72.00 78.00 NOTE
r-devel-windows-x86_64-gcc10-UCRT 0.1.0 NOTE
r-patched-linux-x86_64 0.1.0 3.29 58.33 61.62 NOTE
r-patched-solaris-x86 0.1.0 106.10 NOTE
r-release-linux-x86_64 0.1.0 3.37 59.20 62.57 NOTE
r-release-macos-arm64 0.1.0 NOTE
r-release-macos-x86_64 0.1.0 NOTE
r-release-windows-ix86+x86_64 0.1.0 7.00 96.00 103.00 NOTE
r-oldrel-macos-x86_64 0.1.0 OK
r-oldrel-windows-ix86+x86_64 0.1.0 7.00 87.00 94.00 OK

Check Details

Version: 0.1.0
Check: LazyData
Result: NOTE
     'LazyData' is specified without a 'data' directory
Flavors: r-devel-linux-x86_64-debian-clang, r-devel-linux-x86_64-debian-gcc, r-devel-linux-x86_64-fedora-clang, r-devel-linux-x86_64-fedora-gcc, r-devel-windows-x86_64, r-devel-windows-x86_64-gcc10-UCRT, r-patched-linux-x86_64, r-patched-solaris-x86, r-release-linux-x86_64, r-release-macos-arm64, r-release-macos-x86_64, r-release-windows-ix86+x86_64