Last updated on 2023-06-10 00:54:54 CEST.
Flavor | Version | Tinstall | Tcheck | Ttotal | Status | Flags |
---|---|---|---|---|---|---|
r-devel-linux-x86_64-debian-clang | 0.4.22 | 18.75 | 101.98 | 120.73 | NOTE | |
r-devel-linux-x86_64-debian-gcc | 0.4.22 | 11.94 | 75.19 | 87.13 | NOTE | |
r-devel-linux-x86_64-fedora-clang | 0.4.22 | 149.36 | OK | |||
r-devel-linux-x86_64-fedora-gcc | 0.4.22 | 143.18 | OK | |||
r-devel-windows-x86_64 | 0.4.22 | 16.00 | 98.00 | 114.00 | OK | |
r-patched-linux-x86_64 | 0.4.22 | 19.19 | 96.76 | 115.95 | NOTE | |
r-release-linux-x86_64 | 0.4.22 | 14.63 | 96.80 | 111.43 | NOTE | |
r-release-macos-arm64 | 0.4.22 | 40.00 | OK | |||
r-release-macos-x86_64 | 0.4.22 | 75.00 | OK | |||
r-release-windows-x86_64 | 0.4.22 | 20.00 | 113.00 | 133.00 | OK | |
r-oldrel-macos-arm64 | 0.4.22 | 37.00 | OK | |||
r-oldrel-macos-x86_64 | 0.4.22 | 49.00 | OK | |||
r-oldrel-windows-x86_64 | 0.4.22 | 21.00 | 112.00 | 133.00 | OK |
Version: 0.4.22
Check: R code for possible problems
Result: NOTE
Found the following calls to attach():
File ‘quantmod/R/attachSymbols.R’:
attach(NULL, pos = pos, name = DB$name)
attach(NULL, pos = pos, name = DB$name)
See section ‘Good practice’ in ‘?attach’.
Flavors: r-devel-linux-x86_64-debian-clang, r-devel-linux-x86_64-debian-gcc, r-patched-linux-x86_64, r-release-linux-x86_64