CRAN Package Check Results for Package quantmod

Last updated on 2024-06-14 00:53:54 CEST.

Flavor Version Tinstall Tcheck Ttotal Status Flags
r-devel-linux-x86_64-debian-clang 0.4.26 19.73 107.46 127.19 NOTE
r-devel-linux-x86_64-debian-gcc 0.4.26 11.64 76.36 88.00 NOTE
r-devel-linux-x86_64-fedora-clang 0.4.26 151.75 OK
r-devel-linux-x86_64-fedora-gcc 0.4.26 144.34 OK
r-devel-windows-x86_64 0.4.26 15.00 95.00 110.00 OK
r-patched-linux-x86_64 0.4.26 18.91 98.66 117.57 NOTE
r-release-linux-x86_64 0.4.26 14.91 100.66 115.57 NOTE
r-release-macos-arm64 0.4.26 40.00 OK
r-release-macos-x86_64 0.4.26 100.00 OK
r-release-windows-x86_64 0.4.26 16.00 96.00 112.00 OK
r-oldrel-macos-arm64 0.4.26 43.00 OK
r-oldrel-macos-x86_64 0.4.26 86.00 OK
r-oldrel-windows-x86_64 0.4.26 18.00 114.00 132.00 OK

Check Details

Version: 0.4.26
Check: R code for possible problems
Result: NOTE Found the following calls to attach(): File ‘quantmod/R/attachSymbols.R’: attach(NULL, pos = pos, name = DB$name) attach(NULL, pos = pos, name = DB$name) See section ‘Good practice’ in ‘?attach’. Flavors: r-devel-linux-x86_64-debian-clang, r-devel-linux-x86_64-debian-gcc, r-patched-linux-x86_64, r-release-linux-x86_64

Version: 0.4.26
Check: package dependencies
Result: NOTE Package suggested but not available for checking: ‘RSQLite’ Flavor: r-devel-linux-x86_64-debian-gcc