CRAN Package Check Results for Package quest

Last updated on 2021-12-07 00:49:28 CET.

Flavor Version Tinstall Tcheck Ttotal Status Flags
r-devel-linux-x86_64-debian-clang 0.1.0 4.78 48.96 53.74 OK
r-devel-linux-x86_64-debian-gcc 0.1.0 3.63 38.36 41.99 OK
r-devel-linux-x86_64-fedora-clang 0.1.0 65.66 NOTE
r-devel-linux-x86_64-fedora-gcc 0.1.0 55.30 NOTE
r-devel-windows-x86_64-new-UL 0.1.0 15.00 89.00 104.00 OK
r-devel-windows-x86_64-new-TK 0.1.0 NOTE
r-devel-windows-x86_64-old 0.1.0 9.00 49.00 58.00 OK
r-patched-linux-x86_64 0.1.0 11.72 39.11 50.83 OK
r-release-linux-x86_64 0.1.0 4.07 47.77 51.84 OK
r-release-macos-arm64 0.1.0 NOTE
r-release-macos-x86_64 0.1.0 NOTE
r-release-windows-ix86+x86_64 0.1.0 10.00 65.00 75.00 OK
r-oldrel-macos-x86_64 0.1.0 NOTE
r-oldrel-windows-ix86+x86_64 0.1.0 11.00 66.00 77.00 OK

Check Details

Version: 0.1.0
Check: dependencies in R code
Result: NOTE
    Namespaces in Imports field not imported from:
     ‘psych’ ‘psychTools’
     All declared Imports should be used.
Flavors: r-devel-linux-x86_64-fedora-clang, r-devel-linux-x86_64-fedora-gcc, r-devel-windows-x86_64-new-TK, r-release-macos-arm64, r-release-macos-x86_64, r-oldrel-macos-x86_64

Version: 0.1.0
Check: Rd cross-references
Result: NOTE
    Undeclared package ‘reshape’ in Rd xrefs
Flavor: r-devel-linux-x86_64-fedora-clang