CRAN Package Check Results for Package questionr

Last updated on 2022-12-06 00:51:18 CET.

Flavor Version Tinstall Tcheck Ttotal Status Flags
r-devel-linux-x86_64-debian-clang 0.7.7 9.90 97.29 107.19 OK
r-devel-linux-x86_64-debian-gcc 0.7.7 7.77 71.63 79.40 OK
r-devel-linux-x86_64-fedora-clang 0.7.7 142.70 NOTE
r-devel-linux-x86_64-fedora-gcc 0.7.7 147.33 NOTE
r-devel-windows-x86_64 0.7.7 46.00 139.00 185.00 OK
r-patched-linux-x86_64 0.7.7 7.02 96.13 103.15 OK
r-release-linux-x86_64 0.7.7 9.28 91.59 100.87 OK
r-release-macos-arm64 0.7.7 44.00 NOTE
r-release-macos-x86_64 0.7.7 71.00 NOTE
r-release-windows-x86_64 0.7.7 52.00 153.00 205.00 OK
r-oldrel-macos-arm64 0.7.7 44.00 NOTE
r-oldrel-macos-x86_64 0.7.7 50.00 NOTE
r-oldrel-windows-ix86+x86_64 0.7.7 22.00 131.00 153.00 OK

Check Details

Version: 0.7.7
Check: data for non-ASCII characters
Result: NOTE
     Note: found 8504 marked UTF-8 strings
Flavors: r-devel-linux-x86_64-fedora-clang, r-devel-linux-x86_64-fedora-gcc, r-release-macos-arm64, r-release-macos-x86_64, r-oldrel-macos-arm64, r-oldrel-macos-x86_64