CRAN Package Check Results for Package quiddich

Last updated on 2024-04-23 01:06:26 CEST.

Flavor Version Tinstall Tcheck Ttotal Status Flags
r-devel-linux-x86_64-debian-clang 1.0.0 3.06 42.49 45.55 NOTE
r-devel-linux-x86_64-debian-gcc 1.0.0 2.59 32.25 34.84 NOTE
r-devel-linux-x86_64-fedora-clang 1.0.0 60.44 NOTE
r-devel-linux-x86_64-fedora-gcc 1.0.0 55.74 NOTE
r-prerel-macos-arm64 1.0.0 21.00 NOTE
r-prerel-windows-x86_64 1.0.0 4.00 50.00 54.00 NOTE
r-patched-linux-x86_64 1.0.0 3.07 41.22 44.29 NOTE
r-release-linux-x86_64 1.0.0 2.18 40.70 42.88 NOTE
r-release-macos-arm64 1.0.0 22.00 NOTE
r-release-macos-x86_64 1.0.0 30.00 NOTE
r-release-windows-x86_64 1.0.0 5.00 55.00 60.00 NOTE
r-oldrel-macos-arm64 1.0.0 20.00 NOTE
r-oldrel-windows-x86_64 1.0.0 5.00 61.00 66.00 NOTE

Check Details

Version: 1.0.0
Check: LazyData
Result: NOTE 'LazyData' is specified without a 'data' directory Flavors: r-devel-linux-x86_64-debian-clang, r-devel-linux-x86_64-debian-gcc, r-devel-linux-x86_64-fedora-clang, r-devel-linux-x86_64-fedora-gcc, r-prerel-macos-arm64, r-prerel-windows-x86_64, r-patched-linux-x86_64, r-release-linux-x86_64, r-release-macos-arm64, r-release-macos-x86_64, r-release-windows-x86_64, r-oldrel-macos-arm64, r-oldrel-windows-x86_64