CRAN Package Check Results for Package r2d2

Last updated on 2021-10-25 00:49:22 CEST.

Flavor Version Tinstall Tcheck Ttotal Status Flags
r-devel-linux-x86_64-debian-clang 1.0-0 3.15 33.81 36.96 NOTE
r-devel-linux-x86_64-debian-gcc 1.0-0 2.53 26.97 29.50 NOTE
r-devel-linux-x86_64-fedora-clang 1.0-0 55.87 NOTE
r-devel-linux-x86_64-fedora-gcc 1.0-0 45.66 NOTE
r-devel-windows-x86_64 1.0-0 6.00 46.00 52.00 NOTE
r-devel-windows-x86_64-gcc10-UCRT 1.0-0 NOTE
r-patched-linux-x86_64 1.0-0 2.95 33.36 36.31 NOTE
r-patched-solaris-x86 1.0-0 75.80 NOTE
r-release-linux-x86_64 1.0-0 3.23 33.05 36.28 NOTE
r-release-macos-arm64 1.0-0 NOTE
r-release-macos-x86_64 1.0-0 NOTE
r-release-windows-ix86+x86_64 1.0-0 6.00 57.00 63.00 NOTE
r-oldrel-macos-x86_64 1.0-0 NOTE
r-oldrel-windows-ix86+x86_64 1.0-0 9.00 55.00 64.00 NOTE

Check Details

Version: 1.0-0
Check: R code for possible problems
Result: NOTE
    conf2d.default: no visible global function definition for 'polygon'
    conf2d_int: no visible global function definition for 'contourLines'
    Undefined global functions or variables:
     contourLines polygon
    Consider adding
     importFrom("grDevices", "contourLines")
     importFrom("graphics", "polygon")
    to your NAMESPACE file.
Flavors: r-devel-linux-x86_64-debian-clang, r-devel-linux-x86_64-debian-gcc, r-devel-linux-x86_64-fedora-clang, r-devel-linux-x86_64-fedora-gcc, r-devel-windows-x86_64, r-devel-windows-x86_64-gcc10-UCRT, r-patched-linux-x86_64, r-patched-solaris-x86, r-release-linux-x86_64, r-release-macos-arm64, r-release-macos-x86_64, r-release-windows-ix86+x86_64, r-oldrel-macos-x86_64, r-oldrel-windows-ix86+x86_64

Version: 1.0-0
Check: Rd cross-references
Result: NOTE
    Undeclared package ‘gplots’ in Rd xrefs
Flavor: r-devel-linux-x86_64-fedora-clang