CRAN Package Check Results for Package r2pmml

Last updated on 2021-10-24 00:51:08 CEST.

Flavor Version Tinstall Tcheck Ttotal Status Flags
r-devel-linux-x86_64-debian-clang 0.26.0 2.76 26.01 28.77 OK
r-devel-linux-x86_64-debian-gcc 0.26.0 2.24 20.60 22.84 OK
r-devel-linux-x86_64-fedora-clang 0.26.0 45.22 OK
r-devel-linux-x86_64-fedora-gcc 0.26.0 35.24 OK
r-devel-windows-x86_64 0.26.0 6.00 37.00 43.00 OK
r-devel-windows-x86_64-gcc10-UCRT 0.26.0 OK
r-patched-linux-x86_64 0.26.0 2.43 25.29 27.72 OK
r-patched-solaris-x86 0.26.0 55.10 NOTE
r-release-linux-x86_64 0.26.0 2.86 25.32 28.18 OK
r-release-macos-arm64 0.26.0 OK
r-release-macos-x86_64 0.26.0 OK
r-release-windows-ix86+x86_64 0.26.0 5.00 46.00 51.00 OK
r-oldrel-macos-x86_64 0.26.0 OK
r-oldrel-windows-ix86+x86_64 0.26.0 6.00 43.00 49.00 OK

Check Details

Version: 0.26.0
Check: installed package size
Result: NOTE
     installed size is 5.0Mb
     sub-directories of 1Mb or more:
     java 4.9Mb
Flavor: r-patched-solaris-x86