CRAN Package Check Results for Package r4ds.tutorials

Last updated on 2024-02-22 00:58:39 CET.

Flavor Version Tinstall Tcheck Ttotal Status Flags
r-devel-linux-x86_64-debian-clang 0.1.4 NOTE
r-devel-linux-x86_64-debian-gcc 0.1.4 2.37 31.47 33.84 OK
r-devel-linux-x86_64-fedora-clang 0.1.4 58.10 NOTE
r-devel-linux-x86_64-fedora-gcc 0.1.4 53.04 OK
r-devel-windows-x86_64 0.1.4 5.00 55.00 60.00 OK
r-patched-linux-x86_64 0.1.4 1.90 40.10 42.00 OK
r-release-linux-x86_64 0.1.4 1.98 40.13 42.11 OK
r-release-macos-arm64 0.1.4 23.00 OK
r-release-macos-x86_64 0.1.4 51.00 OK
r-release-windows-x86_64 0.1.4 6.00 58.00 64.00 OK
r-oldrel-macos-arm64 0.1.4 25.00 OK
r-oldrel-windows-x86_64 0.1.4 6.00 61.00 67.00 OK

Check Details

Version: 0.1.4
Check: package dependencies
Result: NOTE Package suggested but not available for checking: ‘arrow’ Flavors: r-devel-linux-x86_64-debian-clang, r-devel-linux-x86_64-fedora-clang

Version: 0.1.4
Check: installed package size
Result: NOTE installed size is 5.0Mb sub-directories of 1Mb or more: tutorials 4.9Mb Flavor: r-devel-linux-x86_64-fedora-clang