CRAN Package Check Results for Package rAmCharts4

Last updated on 2021-10-27 00:51:15 CEST.

Flavor Version Tinstall Tcheck Ttotal Status Flags
r-devel-linux-x86_64-debian-clang 1.5.0 10.32 65.08 75.40 OK
r-devel-linux-x86_64-debian-gcc 1.5.0 8.41 50.04 58.45 OK
r-devel-linux-x86_64-fedora-clang 1.5.0 101.51 NOTE
r-devel-linux-x86_64-fedora-gcc 1.5.0 90.27 OK
r-devel-windows-x86_64 1.5.0 18.00 73.00 91.00 NOTE
r-devel-windows-x86_64-gcc10-UCRT 1.5.0 OK
r-patched-linux-x86_64 1.5.0 12.27 63.71 75.98 OK
r-patched-solaris-x86 1.5.0 122.70 NOTE
r-release-linux-x86_64 1.5.0 11.81 63.93 75.74 OK
r-release-macos-arm64 1.5.0 NOTE
r-release-macos-x86_64 1.5.0 NOTE
r-release-windows-ix86+x86_64 1.5.0 15.00 92.00 107.00 NOTE
r-oldrel-macos-x86_64 1.5.0 NOTE
r-oldrel-windows-ix86+x86_64 1.5.0 16.00 64.00 80.00 NOTE

Check Details

Version: 1.5.0
Check: installed package size
Result: NOTE
     installed size is 11.3Mb
     sub-directories of 1Mb or more:
     htmlwidgets 9.8Mb
     super-tiny-icons 1.0Mb
Flavors: r-devel-linux-x86_64-fedora-clang, r-devel-windows-x86_64, r-patched-solaris-x86, r-release-macos-arm64, r-release-macos-x86_64, r-release-windows-ix86+x86_64, r-oldrel-macos-x86_64, r-oldrel-windows-ix86+x86_64