CRAN Package Check Results for Package rCBA

Last updated on 2024-06-14 00:53:55 CEST.

Flavor Version Tinstall Tcheck Ttotal Status Flags
r-devel-linux-x86_64-debian-clang 0.4.3 13.62 112.26 125.88 NOTE
r-devel-linux-x86_64-debian-gcc 0.4.3 10.04 83.06 93.10 NOTE
r-devel-linux-x86_64-fedora-clang 0.4.3 152.43 NOTE
r-devel-linux-x86_64-fedora-gcc 0.4.3 145.44 NOTE
r-devel-windows-x86_64 0.4.3 10.00 88.00 98.00 NOTE
r-patched-linux-x86_64 0.4.3 11.10 105.51 116.61 NOTE
r-release-linux-x86_64 0.4.3 10.78 108.26 119.04 NOTE
r-release-macos-arm64 0.4.3 43.00 NOTE
r-release-macos-x86_64 0.4.3 69.00 NOTE
r-release-windows-x86_64 0.4.3 11.00 90.00 101.00 NOTE
r-oldrel-macos-arm64 0.4.3 47.00 NOTE
r-oldrel-macos-x86_64 0.4.3 70.00 NOTE
r-oldrel-windows-x86_64 0.4.3 11.00 112.00 123.00 NOTE

Check Details

Version: 0.4.3
Check: LazyData
Result: NOTE 'LazyData' is specified without a 'data' directory Flavors: r-devel-linux-x86_64-debian-clang, r-devel-linux-x86_64-debian-gcc, r-devel-linux-x86_64-fedora-clang, r-devel-linux-x86_64-fedora-gcc, r-devel-windows-x86_64, r-patched-linux-x86_64, r-release-linux-x86_64, r-release-macos-arm64, r-release-macos-x86_64, r-release-windows-x86_64, r-oldrel-macos-arm64, r-oldrel-macos-x86_64, r-oldrel-windows-x86_64