CRAN Package Check Results for Package rCMA

Last updated on 2023-05-29 00:59:42 CEST.

Flavor Version Tinstall Tcheck Ttotal Status Flags
r-devel-linux-x86_64-debian-clang 1.1.1 2.35 29.72 32.07 NOTE
r-devel-linux-x86_64-debian-gcc 1.1.1 1.78 23.70 25.48 NOTE
r-devel-linux-x86_64-fedora-clang 1.1.1 40.65 NOTE
r-devel-linux-x86_64-fedora-gcc 1.1.1 38.56 NOTE
r-devel-windows-x86_64 1.1.1 3.00 48.00 51.00 OK
r-patched-linux-x86_64 1.1.1 2.66 29.27 31.93 NOTE
r-release-linux-x86_64 1.1.1 2.31 29.10 31.41 NOTE
r-release-macos-arm64 1.1.1 16.00 OK
r-release-macos-x86_64 1.1.1 23.00 OK
r-release-windows-x86_64 1.1.1 2.00 54.00 56.00 OK
r-oldrel-macos-arm64 1.1.1 18.00 OK
r-oldrel-macos-x86_64 1.1.1 23.00 OK
r-oldrel-windows-x86_64 1.1.1 22.00 56.00 78.00 OK

Check Details

Version: 1.1.1
Check: for non-standard things in the check directory
Result: NOTE
    Found the following files/directories:
     ‘outcmaesdisp.dat’
Flavors: r-devel-linux-x86_64-debian-clang, r-devel-linux-x86_64-debian-gcc, r-devel-linux-x86_64-fedora-clang, r-devel-linux-x86_64-fedora-gcc, r-patched-linux-x86_64, r-release-linux-x86_64