CRAN Package Check Results for Package rCMA

Last updated on 2024-06-20 00:59:42 CEST.

Flavor Version Tinstall Tcheck Ttotal Status Flags
r-devel-linux-x86_64-debian-clang 1.1.1 2.74 31.36 34.10 NOTE
r-devel-linux-x86_64-debian-gcc 1.1.1 1.63 23.54 25.17 NOTE
r-devel-linux-x86_64-fedora-clang 1.1.1 42.68 NOTE
r-devel-linux-x86_64-fedora-gcc 1.1.1 40.15 NOTE
r-devel-windows-x86_64 1.1.1 3.00 46.00 49.00 OK
r-patched-linux-x86_64 1.1.1 2.86 29.64 32.50 NOTE
r-release-linux-x86_64 1.1.1 2.20 30.58 32.78 NOTE
r-release-macos-arm64 1.1.1 17.00 OK
r-release-macos-x86_64 1.1.1 23.00 OK
r-release-windows-x86_64 1.1.1 4.00 46.00 50.00 OK
r-oldrel-macos-arm64 1.1.1 16.00 OK
r-oldrel-macos-x86_64 1.1.1 23.00 OK
r-oldrel-windows-x86_64 1.1.1 3.00 49.00 52.00 OK

Check Details

Version: 1.1.1
Check: for non-standard things in the check directory
Result: NOTE Found the following files/directories: ‘outcmaesdisp.dat’ Flavors: r-devel-linux-x86_64-debian-clang, r-devel-linux-x86_64-debian-gcc, r-devel-linux-x86_64-fedora-clang, r-devel-linux-x86_64-fedora-gcc, r-patched-linux-x86_64, r-release-linux-x86_64