CRAN Package Check Results for Package rCNV

Last updated on 2024-06-14 00:53:55 CEST.

Flavor Version Tinstall Tcheck Ttotal Status Flags
r-devel-linux-x86_64-debian-clang 1.2.0 17.07 144.42 161.49 NOTE
r-devel-linux-x86_64-debian-gcc 1.2.0 0.44 1.78 2.22 ERROR
r-devel-linux-x86_64-fedora-clang 1.2.0 203.48 NOTE
r-devel-linux-x86_64-fedora-gcc 1.2.0 189.60 NOTE
r-devel-windows-x86_64 1.2.0 17.00 266.00 283.00 NOTE
r-patched-linux-x86_64 1.2.0 12.60 139.10 151.70 NOTE
r-release-linux-x86_64 1.2.0 12.09 134.85 146.94 NOTE
r-release-macos-arm64 1.2.0 55.00 NOTE
r-release-macos-x86_64 1.2.0 83.00 NOTE
r-release-windows-x86_64 1.2.0 17.00 554.00 571.00 NOTE
r-oldrel-macos-arm64 1.2.0 55.00 OK
r-oldrel-macos-x86_64 1.2.0 136.00 OK
r-oldrel-windows-x86_64 1.2.0 22.00 313.00 335.00 OK

Check Details

Version: 1.2.0
Check: Rd files
Result: NOTE checkRd: (-1) hetTgen.Rd:16: Lost braces; missing escapes or markup? 16 | \item{info.type}{character. \code{AD}: allele depth value, {AD-tot}:total | ^ Flavors: r-devel-linux-x86_64-debian-clang, r-devel-linux-x86_64-fedora-clang, r-devel-linux-x86_64-fedora-gcc, r-devel-windows-x86_64, r-patched-linux-x86_64, r-release-linux-x86_64, r-release-macos-arm64, r-release-macos-x86_64, r-release-windows-x86_64

Version: 1.2.0
Check: package dependencies
Result: ERROR Packages required but not available: 'qgraph', 'stringr' Package suggested but not available for checking: ‘testthat’ See section ‘The DESCRIPTION file’ in the ‘Writing R Extensions’ manual. Flavor: r-devel-linux-x86_64-debian-gcc