CRAN Package Check Results for Package rDppDiversity

Last updated on 2021-10-25 00:49:23 CEST.

Flavor Version Tinstall Tcheck Ttotal Status Flags
r-devel-linux-x86_64-debian-clang 0.0.2 43.78 26.41 70.19 OK
r-devel-linux-x86_64-debian-gcc 0.0.2 33.01 21.95 54.96 OK
r-devel-linux-x86_64-fedora-clang 0.0.2 120.20 NOTE
r-devel-linux-x86_64-fedora-gcc 0.0.2 98.18 OK
r-devel-windows-x86_64 0.0.2 57.00 45.00 102.00 OK
r-devel-windows-x86_64-gcc10-UCRT 0.0.2 OK
r-patched-linux-x86_64 0.0.2 41.15 27.33 68.48 OK
r-patched-solaris-x86 0.0.2 99.00 OK
r-release-linux-x86_64 0.0.2 36.70 26.98 63.68 OK
r-release-macos-arm64 0.0.2 NOTE
r-release-macos-x86_64 0.0.2 NOTE
r-release-windows-ix86+x86_64 0.0.2 85.00 65.00 150.00 OK
r-oldrel-macos-x86_64 0.0.2 NOTE
r-oldrel-windows-ix86+x86_64 0.0.2 116.00 71.00 187.00 OK

Check Details

Version: 0.0.2
Check: installed package size
Result: NOTE
     installed size is 5.8Mb
     sub-directories of 1Mb or more:
     libs 5.7Mb
Flavors: r-devel-linux-x86_64-fedora-clang, r-release-macos-arm64, r-release-macos-x86_64, r-oldrel-macos-x86_64