CRAN Package Check Results for Package rEDM

Last updated on 2021-10-23 00:49:06 CEST.

Flavor Version Tinstall Tcheck Ttotal Status Flags
r-devel-linux-x86_64-debian-clang 1.9.3 160.84 84.58 245.42 OK
r-devel-linux-x86_64-debian-gcc 1.9.3 135.53 69.13 204.66 OK
r-devel-linux-x86_64-fedora-clang 1.9.3 405.46 NOTE
r-devel-linux-x86_64-fedora-gcc 1.9.3 380.07 OK
r-devel-windows-x86_64 1.9.3 151.00 219.00 370.00 OK
r-devel-windows-x86_64-gcc10-UCRT 1.9.3 OK
r-patched-linux-x86_64 1.9.3 160.31 85.39 245.70 OK
r-patched-solaris-x86 1.9.3 276.10 OK
r-release-linux-x86_64 1.9.3 164.23 83.23 247.46 OK
r-release-macos-arm64 1.9.2 NOTE
r-release-macos-x86_64 1.9.3 NOTE
r-release-windows-ix86+x86_64 1.9.3 266.00 211.00 477.00 NOTE
r-oldrel-macos-x86_64 1.9.3 NOTE
r-oldrel-windows-ix86+x86_64 1.9.3 292.00 202.00 494.00 NOTE

Check Details

Version: 1.9.3
Check: installed package size
Result: NOTE
     installed size is 11.7Mb
     sub-directories of 1Mb or more:
     libs 10.6Mb
Flavors: r-devel-linux-x86_64-fedora-clang, r-release-macos-x86_64, r-release-windows-ix86+x86_64, r-oldrel-macos-x86_64, r-oldrel-windows-ix86+x86_64

Version: 1.9.2
Check: installed package size
Result: NOTE
     installed size is 14.1Mb
     sub-directories of 1Mb or more:
     libs 13.0Mb
Flavor: r-release-macos-arm64