CRAN Package Check Results for Package rFIA

Last updated on 2021-10-25 00:49:23 CEST.

Flavor Version Tinstall Tcheck Ttotal Status Flags
r-devel-linux-x86_64-debian-clang 0.3.2 29.38 174.25 203.63 OK
r-devel-linux-x86_64-debian-gcc 0.3.2 24.30 125.46 149.76 OK
r-devel-linux-x86_64-fedora-clang 0.3.2 257.14 OK
r-devel-linux-x86_64-fedora-gcc 0.3.2 241.77 OK
r-devel-windows-x86_64 0.3.2 50.00 226.00 276.00 OK
r-devel-windows-x86_64-gcc10-UCRT 0.3.2 OK
r-patched-linux-x86_64 0.3.2 34.64 163.56 198.20 OK
r-patched-solaris-x86 0.3.2 317.00 OK
r-release-linux-x86_64 0.3.2 28.93 162.65 191.58 OK
r-release-macos-arm64 0.3.2 NOTE
r-release-macos-x86_64 0.3.2 OK
r-release-windows-ix86+x86_64 0.3.2 37.00 223.00 260.00 OK
r-oldrel-macos-x86_64 0.3.2 OK
r-oldrel-windows-ix86+x86_64 0.3.2 55.00 229.00 284.00 OK

Check Details

Version: 0.3.2
Check: package dependencies
Result: NOTE
    Package suggested but not available for checking: ‘R2jags’
Flavor: r-release-macos-arm64