CRAN Package Check Results for Package rNeighborGWAS

Last updated on 2024-07-16 00:56:10 CEST.

Flavor Version Tinstall Tcheck Ttotal Status Flags
r-devel-linux-x86_64-debian-clang 1.2.4 8.20 213.32 221.52 NOTE
r-devel-linux-x86_64-debian-gcc 1.2.4 7.09 158.23 165.32 NOTE
r-devel-linux-x86_64-fedora-clang 1.2.4 283.85 NOTE
r-devel-linux-x86_64-fedora-gcc 1.2.4 275.04 NOTE
r-devel-windows-x86_64 1.2.4 8.00 162.00 170.00 NOTE
r-patched-linux-x86_64 1.2.4 10.64 202.31 212.95 NOTE
r-release-linux-x86_64 1.2.4 6.52 206.94 213.46 NOTE
r-release-macos-arm64 1.2.4 87.00 NOTE
r-release-macos-x86_64 1.2.4 149.00 NOTE
r-release-windows-x86_64 1.2.4 8.00 159.00 167.00 NOTE
r-oldrel-macos-arm64 1.2.4 103.00 OK
r-oldrel-macos-x86_64 1.2.4 173.00 OK
r-oldrel-windows-x86_64 1.2.4 11.00 209.00 220.00 OK

Check Details

Version: 1.2.4
Check: Rd files
Result: NOTE checkRd: (-1) calc_PVEnei.Rd:38: Lost braces in \itemize; \value handles \item{}{} directly checkRd: (-1) calc_PVEnei.Rd:39: Lost braces in \itemize; \value handles \item{}{} directly checkRd: (-1) calc_PVEnei.Rd:40: Lost braces in \itemize; \value handles \item{}{} directly checkRd: (-1) calc_PVEnei.Rd:41: Lost braces in \itemize; \value handles \item{}{} directly checkRd: (-1) gaston2neiGWAS.Rd:15: Lost braces in \itemize; \value handles \item{}{} directly checkRd: (-1) gaston2neiGWAS.Rd:16: Lost braces in \itemize; \value handles \item{}{} directly checkRd: (-1) gaston2neiGWAS.Rd:17: Lost braces in \itemize; \value handles \item{}{} directly checkRd: (-1) neiGWAS.Rd:44: Lost braces in \itemize; \value handles \item{}{} directly checkRd: (-1) neiGWAS.Rd:45: Lost braces in \itemize; \value handles \item{}{} directly checkRd: (-1) neiGWAS.Rd:46: Lost braces in \itemize; \value handles \item{}{} directly checkRd: (-1) nei_lm.Rd:35: Lost braces in \itemize; \value handles \item{}{} directly checkRd: (-1) nei_lm.Rd:36: Lost braces in \itemize; \value handles \item{}{} directly checkRd: (-1) nei_lm.Rd:37: Lost braces in \itemize; \value handles \item{}{} directly checkRd: (-1) nei_lm.Rd:38: Lost braces in \itemize; \value handles \item{}{} directly checkRd: (-1) nei_lmm.Rd:35: Lost braces in \itemize; \value handles \item{}{} directly checkRd: (-1) nei_lmm.Rd:36: Lost braces in \itemize; \value handles \item{}{} directly checkRd: (-1) nei_lmm.Rd:37: Lost braces in \itemize; \value handles \item{}{} directly checkRd: (-1) nei_lmm.Rd:38: Lost braces in \itemize; \value handles \item{}{} directly checkRd: (-1) qtl_pheno_simu.Rd:35: Lost braces in \itemize; \value handles \item{}{} directly checkRd: (-1) qtl_pheno_simu.Rd:36: Lost braces in \itemize; \value handles \item{}{} directly checkRd: (-1) qtl_pheno_simu.Rd:37: Lost braces in \itemize; \value handles \item{}{} directly checkRd: (-1) qtl_pheno_simu.Rd:38: Lost braces in \itemize; \value handles \item{}{} directly checkRd: (-1) qtl_pheno_simu.Rd:39: Lost braces in \itemize; \value handles \item{}{} directly checkRd: (-1) qtl_pheno_simu.Rd:40: Lost braces in \itemize; \value handles \item{}{} directly checkRd: (-1) qtl_pheno_simu.Rd:41: Lost braces in \itemize; \value handles \item{}{} directly checkRd: (-1) qtl_pheno_simu.Rd:42: Lost braces in \itemize; \value handles \item{}{} directly Flavors: r-devel-linux-x86_64-debian-clang, r-devel-linux-x86_64-debian-gcc, r-devel-linux-x86_64-fedora-clang, r-devel-linux-x86_64-fedora-gcc, r-devel-windows-x86_64, r-patched-linux-x86_64, r-release-linux-x86_64, r-release-macos-arm64, r-release-macos-x86_64, r-release-windows-x86_64

Version: 1.2.4
Check: Rd cross-references
Result: NOTE Found the following Rd file(s) with Rd \link{} targets missing package anchors: gaston2neiGWAS.Rd: gaston, bed.matrix Please provide package anchors for all Rd \link{} targets not in the package itself and the base packages. Flavor: r-devel-windows-x86_64