CRAN Package Check Results for Package rPraat

Last updated on 2021-10-16 00:49:28 CEST.

Flavor Version Tinstall Tcheck Ttotal Status Flags
r-devel-linux-x86_64-debian-clang 1.3.2-1 17.59 107.28 124.87 NOTE
r-devel-linux-x86_64-debian-gcc 1.3.2-1 14.50 79.57 94.07 NOTE
r-devel-linux-x86_64-fedora-clang 1.3.2-1 161.86 NOTE
r-devel-linux-x86_64-fedora-gcc 1.3.2-1 144.63 NOTE
r-devel-windows-x86_64 1.3.2-1 19.00 104.00 123.00 NOTE
r-devel-windows-x86_64-gcc10-UCRT 1.3.2-1 NOTE
r-patched-linux-x86_64 1.3.2-1 17.94 103.97 121.91 NOTE
r-patched-solaris-x86 1.3.2-1 178.30 NOTE
r-release-linux-x86_64 1.3.2-1 17.28 104.34 121.62 NOTE
r-release-macos-arm64 1.3.2-1 NOTE
r-release-macos-x86_64 1.3.2-1 NOTE
r-release-windows-ix86+x86_64 1.3.2-1 28.00 137.00 165.00 NOTE
r-oldrel-macos-x86_64 1.3.2-1 OK
r-oldrel-windows-ix86+x86_64 1.3.2-1 29.00 132.00 161.00 OK

Check Details

Version: 1.3.2-1
Check: LazyData
Result: NOTE
     'LazyData' is specified without a 'data' directory
Flavors: r-devel-linux-x86_64-debian-clang, r-devel-linux-x86_64-debian-gcc, r-devel-linux-x86_64-fedora-clang, r-devel-linux-x86_64-fedora-gcc, r-devel-windows-x86_64, r-devel-windows-x86_64-gcc10-UCRT, r-patched-linux-x86_64, r-patched-solaris-x86, r-release-linux-x86_64, r-release-macos-arm64, r-release-macos-x86_64, r-release-windows-ix86+x86_64