Last updated on 2023-09-23 00:54:04 CEST.
Flavor | Version | Tinstall | Tcheck | Ttotal | Status | Flags |
---|---|---|---|---|---|---|
r-devel-linux-x86_64-debian-clang | 0.3.2 | 9.89 | 75.72 | 85.61 | NOTE | |
r-devel-linux-x86_64-debian-gcc | 0.3.2 | 7.82 | 57.89 | 65.71 | NOTE | |
r-devel-linux-x86_64-fedora-clang | 0.3.2 | 113.76 | NOTE | |||
r-devel-linux-x86_64-fedora-gcc | 0.3.2 | 110.22 | NOTE | |||
r-devel-windows-x86_64 | 0.3.2 | 12.00 | 83.00 | 95.00 | NOTE | |
r-patched-linux-x86_64 | 0.3.2 | 12.85 | 73.59 | 86.44 | NOTE | |
r-release-linux-x86_64 | 0.3.2 | 11.32 | 73.93 | 85.25 | NOTE | |
r-release-macos-arm64 | 0.3.2 | 35.00 | NOTE | |||
r-release-macos-x86_64 | 0.3.2 | 48.00 | NOTE | |||
r-release-windows-x86_64 | 0.3.2 | 13.00 | 95.00 | 108.00 | NOTE | |
r-oldrel-macos-arm64 | 0.3.2 | 33.00 | NOTE | |||
r-oldrel-macos-x86_64 | 0.3.2 | 45.00 | NOTE | |||
r-oldrel-windows-x86_64 | 0.3.2 | 15.00 | 89.00 | 104.00 | NOTE |
Version: 0.3.2
Check: LazyData
Result: NOTE
'LazyData' is specified without a 'data' directory
Flavors: r-devel-linux-x86_64-debian-clang, r-devel-linux-x86_64-debian-gcc, r-devel-linux-x86_64-fedora-clang, r-devel-linux-x86_64-fedora-gcc, r-devel-windows-x86_64, r-patched-linux-x86_64, r-release-linux-x86_64, r-release-macos-arm64, r-release-macos-x86_64, r-release-windows-x86_64, r-oldrel-macos-arm64, r-oldrel-macos-x86_64, r-oldrel-windows-x86_64