CRAN Package Check Results for Package rSpectral

Last updated on 2024-06-14 00:53:57 CEST.

Flavor Version Tinstall Tcheck Ttotal Status Flags
r-devel-linux-x86_64-debian-clang 1.0.0.10 108.73 54.11 162.84 NOTE
r-devel-linux-x86_64-debian-gcc 1.0.0.10 0.42 1.60 2.02 ERROR
r-devel-linux-x86_64-fedora-clang 1.0.0.10 238.83 NOTE
r-devel-linux-x86_64-fedora-gcc 1.0.0.10 232.89 NOTE
r-devel-windows-x86_64 1.0.0.10 84.00 86.00 170.00 NOTE
r-patched-linux-x86_64 1.0.0.10 95.29 51.12 146.41 NOTE
r-release-linux-x86_64 1.0.0.10 90.50 52.35 142.85 NOTE
r-release-macos-arm64 1.0.0.10 49.00 NOTE
r-release-macos-x86_64 1.0.0.10 77.00 NOTE
r-release-windows-x86_64 1.0.0.10 84.00 87.00 171.00 NOTE
r-oldrel-macos-arm64 1.0.0.10 57.00 NOTE
r-oldrel-macos-x86_64 1.0.0.10 80.00 NOTE
r-oldrel-windows-x86_64 1.0.0.10 101.00 97.00 198.00 NOTE

Additional issues

noSuggests

Check Details

Version: 1.0.0.10
Check: C++ specification
Result: NOTE Specified C++11: please drop specification unless essential Flavors: r-devel-linux-x86_64-debian-clang, r-devel-linux-x86_64-fedora-clang, r-devel-linux-x86_64-fedora-gcc, r-devel-windows-x86_64, r-patched-linux-x86_64, r-release-linux-x86_64, r-release-macos-arm64, r-release-macos-x86_64, r-release-windows-x86_64, r-oldrel-macos-arm64, r-oldrel-macos-x86_64, r-oldrel-windows-x86_64

Version: 1.0.0.10
Check: package dependencies
Result: ERROR Package required but not available: ‘igraph’ Package suggested but not available for checking: ‘testthat’ See section ‘The DESCRIPTION file’ in the ‘Writing R Extensions’ manual. Flavor: r-devel-linux-x86_64-debian-gcc