CRAN Package Check Results for Package rTG

Last updated on 2021-10-16 00:49:29 CEST.

Flavor Version Tinstall Tcheck Ttotal Status Flags
r-devel-linux-x86_64-debian-clang 0.2.2 10.39 101.99 112.38 OK
r-devel-linux-x86_64-debian-gcc 0.2.2 8.40 74.65 83.05 OK
r-devel-linux-x86_64-fedora-clang 0.2.2 145.58 NOTE
r-devel-linux-x86_64-fedora-gcc 0.2.2 128.12 NOTE
r-devel-windows-x86_64 0.2.2 11.00 90.00 101.00 OK
r-devel-windows-x86_64-gcc10-UCRT 0.2.2 NOTE
r-patched-linux-x86_64 0.2.2 8.41 95.76 104.17 OK
r-patched-solaris-x86 0.2.2 186.20 NOTE
r-release-linux-x86_64 0.2.2 10.24 95.61 105.85 OK
r-release-macos-arm64 0.2.2 NOTE
r-release-macos-x86_64 0.2.2 NOTE
r-release-windows-ix86+x86_64 0.2.2 22.00 125.00 147.00 OK
r-oldrel-macos-x86_64 0.2.2 NOTE
r-oldrel-windows-ix86+x86_64 0.2.2 24.00 129.00 153.00 OK

Check Details

Version: 0.2.2
Check: dependencies in R code
Result: NOTE
    Namespace in Imports field not imported from: ‘knitr’
     All declared Imports should be used.
Flavors: r-devel-linux-x86_64-fedora-clang, r-devel-linux-x86_64-fedora-gcc, r-devel-windows-x86_64-gcc10-UCRT, r-patched-solaris-x86, r-release-macos-arm64, r-release-macos-x86_64, r-oldrel-macos-x86_64